 = 5*k(h) - 6*r(h). Determine j(o).
-11
Suppose -3*t - 5*j + 212 = 0, -t + 102 = -5*j + 18. Let p = t - 69. Let a(v) = v**2 + 0 + p*v - 9*v + 9*v - 3. Calculate a(-4).
-7
Let b(n) be the first derivative of 5*n - 1/3*n**3 - 268 + 1/4*n**4 - 2*n**2. Determine b(4).
37
Let n(k) = -2*k**3 - 5*k**2 - 4*k - 3. Suppose a - 5 = 0, -29*g + 27*g + 3*a = 19. What is n(g)?
1
Let j(h) = -423*h**2 + 18 + 418*h**2 - 7 - 25*h. Calculate j(-5).
11
Let c(d) = -407*d + 242. Let w(o) = 146*o - 81. Let r(l) = 5*c(l) + 14*w(l). Give r(-10).
-14
Suppose 0 = -3*m + 55 - 61. Let c(x) = -x**2 - 1. Let n(r) = -1. Let k(f) = -c(f) + 2*n(f). Calculate k(m).
3
Let n = 5607 - 5605. Let z(m) = m**3 - m**2 - 3*m + 3. Determine z(n).
1
Let u(o) = 4 + 11 + 3 - 1 - 2 - o. Suppose -4*q - 5 + 17 = 0. Let r be 3*(-7 + q + 7). Determine u(r).
6
Let r(m) = 76*m - 2 - 6 + 53*m - 126*m. Let o be ((-3)/(-6))/((-1)/(-10)). Determine r(o).
7
Let u = 28 - 183. Let b = u + 158. Let c(f) = f**3 - 4*f**2 - f + 3. Calculate c(b).
-9
Let r(y) = 2*y - 36. Let q(a) = a - 14. Let l(d) = -4*d**2 - 43*d - 1. Let z be l(-11). Let c(s) = z*q(s) + 5*r(s). Determine c(-7).
2
Let w(r) = r - 3. Suppose -7 = -i - 4*f, -9*i + 23*i - 2*f = 156. Let g(o) = 6*o**3 - 11*o**2 + o**2 - 8 - 5*o**3 - 10*o. Let q be g(i). Calculate w(q).
0
Let d(h) = -2*h + 6. Suppose 36 = -5*u + 4*f + 4, 4*f = -5*u - 48. Let t be u + (10/(-7))/((-24)/84). What is d(t)?
12
Let h(o) = -3*o + 451 - 220 - 223. Let d(k) = -k**2 + 16*k - 42. Let r be d(12). Calculate h(r).
-10
Let b be 4/4 - (1 + -6). Let q(x) = -2*x**3 + 2*x**2 + 5. Let u(z) = z**3 - 2*z**2 - 4. Let y(o) = b*u(o) + 5*q(o). Let w be 1*8 + (-11)/33*27. What is y(w)?
3
Let h(b) = b**2 - 4*b + 2. Let p(v) = -2*v + 28. Let s be 3 + (3 - -42)/(-5). Let q be (0 + 0 + 1)/(s/(-72)). Let u be p(q). Give h(u).
2
Let v(l) = -7*l - l**3 - 1 - 649*l**2 + 270*l**2 + 386*l**2. Let s = 13 + -8. Give v(s).
14
Let x = -109 - -115. Let u(k) = 11*k - x*k - 4*k + 20 - 4*k - 16. Determine u(1).
1
Let f(k) = k**2 - 6*k - 4. Suppose 44*g - 100 = 164. Give f(g).
-4
Let a = -3883 - -3893. Let l(r) = 3*r + 6. What is l(a)?
36
Let z(i) = -13*i - 43. Let d be z(-3). Let h(l) = -4*l**3 + 11*l**2 + 3*l - 2. Let v(o) = 5*o**3 - 12*o**2 - 4*o + 2. Let w(j) = d*h(j) - 3*v(j). Give w(8).
2
Let v(j) = -712*j + 1418. Let c be v(2). Let w(d) = -d**3 - 8*d**2 - 4*d + 29. Calculate w(c).
-19
Let y(m) = -m**2 + 7*m + 151. Suppose 1696 = -703*j + 809*j. Determine y(j).
7
Let x(l) = 11*l**2 - 7*l - 1. Let i be x(4). Let k(r) = i*r**2 + 0 - 139*r**2 - r**3 - 5*r + 6. Determine k(7).
20
Suppose 5*m = 3*s + 32, -4*s + m - 33 + 13 = 0. Let y(b) = 27*b + 43. What is y(s)?
-65
Let z = -7978 - -7975. Let l(t) = 3*t**2 - t - 9. Determine l(z).
21
Let l(b) be the first derivative of -17*b**2/2 - 43*b + 2289. Calculate l(-4).
25
Let q(w) be the third derivative of w**5/20 - w**4/6 + w**3/3 - 16*w**2 - 8*w. Determine q(2).
6
Let z = -11 - -4. Let k(i) = 3*i**3 + 22*i**2 + 7*i - 4. What is k(z)?
-4
Suppose 2*f + 265 = -3*h, -285 = 5*h - f + 135. Let a = -83 - h. Let l(r) = -r**2 + 2. Give l(a).
-2
Let h(s) = 2*s + 4. Suppose -2*x + 4*x = 12. Suppose -o + 130 = -x*o. Let g = o - -29. Calculate h(g).
10
Let u(h) = 30*h + 18*h + 27*h - 70*h. Suppose -322 = -73*k + 27*k. What is u(k)?
35
Let f(a) = a**3 - 3*a**2 + 2*a - 1. Let p = -113 - -118. Suppose 4*x = -4*d + p*d, 0 = d. Suppose 2*r + 10 = x, 5 = -5*l + 3*r - 5*r. Give f(l).
-1
Let u be (-41)/(-410) + 357/30. Let t(z) = 0*z - 24 + u + z**3 + 5*z**2 + 9 + 2*z. Calculate t(-3).
9
Let b(i) = -14*i + 2. Suppose 0 = 9*k - 15*k + 6. Let j(y) = 3*y**3 - y**2 + 7*y - 7. Let a be j(k). What is b(a)?
-26
Let z(s) be the third derivative of s**4/4 - 101*s**3/6 + 23*s**2. Let f be z(16). Let a(n) = -n**2 - 6*n. Calculate a(f).
5
Let u(m) be the second derivative of 7*m**3 + 83*m**2/2 + 295*m. Calculate u(-2).
-1
Suppose 175*b + 170 = 456*b - 196*b. Let k(t) = -16*t - 2. Give k(b).
-34
Let l(d) = d. Let o(a) = -a + 3. Let p(w) = -6*l(w) - 3*o(w). Let n be (-11)/(2299/(-57)) - (-182)/(-22). Give p(n).
15
Suppose 4*h = h - 15, -h - 5 = -c. Let a be c + -1 + 8 + -12. Let m(w) = -2*w - 6. Give m(a).
4
Suppose 0 = -49*x + 21*x - 28*x. Let s(w) = 5*w + 10. What is s(x)?
10
Let a(l) be the second derivative of 11*l**3/6 + 67*l**2 + 1020*l. Calculate a(-12).
2
Let g be (-1*(-1 - 22/(-20)))/(19/(-190)). Let j be 29/9 + 2/(-9). Let z(c) = -c + 4 + c - j - 5*c. Determine z(g).
-4
Let h(z) be the third derivative of 53*z**4/24 + z**3/3 - 2526*z**2 - 2*z. Give h(1).
55
Let t(i) be the first derivative of -3*i**2/2 - 3*i + 1. Let h(w) = 1172*w - 11728. Let o be h(10). Calculate t(o).
21
Let w(d) be the second derivative of -1/6*d**3 - 3 + 7*d + 7/2*d**2. Give w(-5).
12
Let q(s) = -s**2 + s**3 - 14*s**2 + 5*s**2 + 10 + 5*s**2 - 2*s**2 + 7*s. Calculate q(6).
16
Let p(v) = -10*v + 11. Let s = 2113 + -2109. Give p(s).
-29
Let f(a) = -a**2 + 11*a + 5. Let w be f(10). Suppose u - 13*o + 17*o = -9, -u + w = -2*o. Let n(c) = c**3 - 7*c**2 + c - 7. What is n(u)?
0
Let v = -94 + 118. Let k(l) = v*l - 13 + 4 + 18*l - 41*l. Let d(g) = -9*g. Let r be d(-1). Give k(r).
0
Let k(b) be the first derivative of b**4/4 + b**3/3 + 3*b**2 - 5*b + 1310. What is k(-4)?
-77
Let z(g) = 3*g. Suppose -o - 6*a + 162 = -2*a, -o = -5*a - 189. Suppose -16*w - o = -13*w. Let j = w + 56. What is z(j)?
-6
Let f(z) be the second derivative of z**5/60 - z**4/3 + z**3/2 - 119*z**2/2 + 48*z. Let w(c) be the first derivative of f(c). Calculate w(6).
-9
Suppose 0 = 5*u + 5*a, 4*u - 39*a + 44*a - 3 = 0. Let h(y) = 4*y**2 - y - 1. Let b(t) = -3*t**2. Let j(c) = -3*b(c) - 2*h(c). Give j(u).
5
Let t(m) be the third derivative of m**6/120 - m**5/10 - m**4/12 - 14*m**3/3 + m**2 + 87. Calculate t(7).
7
Let t(y) = y**2 - 1. Let x(h) be the third derivative of -h**5/30 + 5*h**4/24 - h**3/3 - 9*h**2. Let v(g) = -t(g) - x(g). Suppose 2*q = -3*q + 20. What is v(q)?
-1
Suppose -72*j + 20*j = -24*j + 168. Let s(a) = a**3 + 3*a**2 - 10*a - 17. Calculate s(j).
-65
Let s = 1056 - 1041. Let g(m) = -2*m**2 + 27*m + 40. What is g(s)?
-5
Let s(p) = -2*p - 2. Let f(g) = -2*g**3 - 2*g**2 - 90*g - 184. Let o be f(-2). Give s(o).
-10
Suppose 4*b = j + 14, -2*j + 8*b = 10*b - 22. Let f(c) = -c**3 + 5*c**2 + 4*c - 13. Calculate f(j).
-25
Suppose -s - 1 = -54. Let m(l) = -4*l**2 - 47 + l + s + 3*l**2. What is m(6)?
-24
Let t be (-2)/(-2*(0 + -1)). Let v be t*4/((-20)/15). Let c be (-8)/v*(-15)/(-10). Let o(x) = -2*x**2 - 4*x + 5. Calculate o(c).
-11
Let b(d) = 19*d**2 + 71*d + 1. Let w(g) = 3*g**2 + 12*g + 1. Let p(u) = -b(u) + 6*w(u). What is p(7)?
-37
Let t(x) = -x**3 + 3*x**2 + 4*x - 7. Suppose 2*r = 2*y + 91 - 17, 6*r = 2*y + 54. Let n be y/(-7)*(-2)/(-4). Determine t(n).
5
Let v(d) = 3 - d**2 + 2 + 819*d - 423*d - 398*d. What is v(3)?
-10
Let b(o) be the first derivative of 2*o**3/3 - 9*o**2/2 - 109*o + 2371. Calculate b(10).
1
Suppose 0 = 62*x - 65*x - 1422. Let t be ((-2)/3)/(1/x*-4). Let v = t - -84. Let i(u) = -u**2 + 4*u. What is i(v)?
-5
Let i = 38630 - 38626. Let k(h) = -3*h + 4*h**2 - 4*h**2 + h**2 + 2. Determine k(i).
6
Let a = -42372 - -42374. Let i(q) = q**3 + q**2 + 4*q - 7. What is i(a)?
13
Let j(z) = z**3 + 9*z**2 + 7*z + 2. Suppose 5*k = 7 + 13. Suppose -2*p - k = -4*p. Suppose p*n + 0 - 30 = 3*h, -3*n = h - 1. Calculate j(h).
10
Let a(g) = g**3 - 3*g**2 - 17*g + 2. Let h be 105/(-14)*(-4)/5. Let n be a(h). Let t(x) = -x + 13. Calculate t(n).
5
Let m be (0 + 64)*(1 + (-4)/8). Let s(j) = -2*j + 6 + m*j - 22*j. What is s(-4)?
-26
Suppose 5*h + 3*o = 8*o + 5, 0 = 5*h + 3*o - 45. Let f(w) = 21*w**2 - 22*w**2 + 5 - 4*w + h*w + w. Let p(k) = k**2 - 3*k - 5. Let a be p(5). Determine f(a).
-5
Suppose 2*h + 444 = 4*h + m, 666 = 3*h + 5*m. Let x = h - 226. Let y(k) = -k. Let u(n) = -n**2 - 5. Let z(r) = u(r) + 3*y(r). Calculate z(x).
-9
Suppose -2*z = -33*z - 36*z + 737. Let f(x) = -2*x**2 + 35*x - 144. Calculate f(z).
-1
Let r(h) be the first derivative of -h**2/2 - 8*h - 7. Let a be 0/(4/(-1) - -2). Suppose 3*o - 10 = 5*m + 35, a = -m - 4*o + 14. Calculate r(m).
-2
Let z(j) = 15*j. Let h = -17 + -14. Let g = -10 - h. Let q = g - 20. Give z(q).
15
Let c(a) = -92*a**2 + 7*a - 8. Let n(j) = 52*j**2 - 4*j + 5. Let s(o) = -3*c(o) - 5*n(o). Determine s(-1)